{"id":2276,"date":"2025-08-31T14:32:11","date_gmt":"2025-08-31T12:32:11","guid":{"rendered":"https:\/\/ilka-chemie.com\/antigraffitiwelt\/?page_id=2276"},"modified":"2025-09-02T18:34:39","modified_gmt":"2025-09-02T16:34:39","slug":"haftungsausschluss","status":"publish","type":"page","link":"https:\/\/ilka-chemie.com\/antigraffitiwelt\/haftungsausschluss\/","title":{"rendered":"Haftungsausschluss"},"content":{"rendered":"\t\t<div data-elementor-type=\"wp-page\" data-elementor-id=\"2276\" class=\"elementor elementor-2276\" data-elementor-post-type=\"page\">\n\t\t\t\t\t\t<div class=\"elementor-section elementor-top-section elementor-element elementor-element-1f75108 elementor-section-boxed elementor-section-height-default elementor-section-height-default\" data-id=\"1f75108\" data-element_type=\"section\" data-e-type=\"section\" data-settings=\"{&quot;background_background&quot;:&quot;video&quot;,&quot;background_play_on_mobile&quot;:&quot;yes&quot;}\">\n\t\t\t\t\t\t\t<div class=\"elementor-background-overlay\"><\/div>\n\t\t\t\t\t\t\t<div class=\"elementor-container elementor-column-gap-default\">\n\t\t\t\t\t<div class=\"elementor-column elementor-col-100 elementor-top-column elementor-element elementor-element-e026adf\" data-id=\"e026adf\" data-element_type=\"column\" data-e-type=\"column\">\n\t\t\t<div class=\"elementor-widget-wrap elementor-element-populated\">\n\t\t\t\t\t\t<div class=\"elementor-element elementor-element-149733d elementor-widget__width-initial elementor-widget-tablet__width-initial elementor-widget-mobile__width-inherit elementor-invisible elementor-widget elementor-widget-heading\" data-id=\"149733d\" data-element_type=\"widget\" data-e-type=\"widget\" data-settings=\"{&quot;_animation&quot;:&quot;fadeInUp&quot;,&quot;_animation_delay&quot;:500}\" data-widget_type=\"heading.default\">\n\t\t\t\t\t<h1 class=\"elementor-heading-title elementor-size-default\">Haftungsausschluss<\/h1>\t\t\t\t<\/div>\n\t\t\t\t\t<\/div>\n\t\t<\/div>\n\t\t\t\t\t<\/div>\n\t\t<\/div>\n\t\t\t\t<section class=\"elementor-section elementor-top-section elementor-element elementor-element-cc7c9b7 elementor-section-boxed elementor-section-height-default elementor-section-height-default\" data-id=\"cc7c9b7\" data-element_type=\"section\" data-e-type=\"section\" data-settings=\"{&quot;background_background&quot;:&quot;classic&quot;}\">\n\t\t\t\t\t\t<div class=\"elementor-container elementor-column-gap-default\">\n\t\t\t\t\t<div class=\"elementor-column elementor-col-100 elementor-top-column elementor-element elementor-element-b5643af\" data-id=\"b5643af\" data-element_type=\"column\" data-e-type=\"column\">\n\t\t\t<div class=\"elementor-widget-wrap elementor-element-populated\">\n\t\t\t\t\t\t<div class=\"elementor-element elementor-element-72f3f81 elementor-invisible elementor-widget elementor-widget-text-editor\" data-id=\"72f3f81\" data-element_type=\"widget\" data-e-type=\"widget\" data-settings=\"{&quot;_animation&quot;:&quot;fadeInUp&quot;,&quot;_animation_delay&quot;:200}\" data-widget_type=\"text-editor.default\">\n\t\t\t\t\t\t\t\t\t<section>\n  <p>Die Ilka-Chemie GmbH ist verpflichtet, diese Website aktuell und korrekt zu halten. Sollten Sie dennoch auf Informationen sto\u00dfen, die veraltet oder fehlerhaft sind, w\u00fcrden wir es sehr sch\u00e4tzen, wenn Sie uns darauf hinweisen. Bitte geben Sie dabei an, wo Sie die Information auf der Seite gelesen haben. Wir werden uns so schnell wie m\u00f6glich darum k\u00fcmmern. Ihre R\u00fcckmeldung senden Sie bitte an: <a href=\"mailto:post@ilka-chemie.com\">post@ilka-chemie.com<\/a>.<\/p>\n\n  <p>Wir \u00fcbernehmen keine Haftung f\u00fcr Verluste, die sich aus Ungenauigkeiten oder Unvollst\u00e4ndigkeiten ergeben, noch f\u00fcr Verluste infolge von St\u00f6rungen oder Unterbrechungen bei der Verbreitung von Informationen \u00fcber das Internet. Beim Einsatz von Internetformularen bem\u00fchen wir uns, die Anzahl der Pflichtfelder so gering wie m\u00f6glich zu halten. F\u00fcr etwaige Sch\u00e4den, die aus der Nutzung von durch Ilka-Chemie GmbH bereitgestellten oder empfohlenen Daten, Hinweisen oder Ideen entstehen, \u00fcbernimmt die Ilka-Chemie GmbH keine Haftung.<\/p>\n\n  <p>Per E-Mail oder \u00fcber Internetformulare \u00fcbermittelte Anfragen und R\u00fcckmeldungen zum Datenschutz werden in gleicher Weise wie schriftliche Briefe behandelt. Dies bedeutet, dass Sie sp\u00e4testens innerhalb eines Monats eine Antwort von uns erhalten. Bei besonders umfangreichen oder komplexen Anfragen informieren wir Sie innerhalb eines Monats dar\u00fcber, ob wir bis zu drei Monate f\u00fcr die abschlie\u00dfende Bearbeitung ben\u00f6tigen.<\/p>\n\n  <p>Alle personenbezogenen Daten, die Sie uns im Rahmen einer Anfrage oder Mitteilung zur Verf\u00fcgung stellen, werden ausschlie\u00dflich gem\u00e4\u00df unserer <a href=\"\/datenschutz\">Datenschutzerkl\u00e4rung<\/a> verarbeitet.<\/p>\n\n  <p>Die Ilka-Chemie GmbH trifft alle angemessenen Ma\u00dfnahmen, um ihre Systeme gegen unrechtm\u00e4\u00dfige Nutzung zu sch\u00fctzen. Dabei werden geeignete technische und organisatorische Ma\u00dfnahmen unter Ber\u00fccksichtigung des aktuellen Standes der Technik eingesetzt. F\u00fcr direkte oder indirekte Sch\u00e4den, die durch die unrechtm\u00e4\u00dfige Nutzung durch Dritte entstehen, \u00fcbernimmt die Ilka-Chemie GmbH jedoch keine Verantwortung.<\/p>\n\n  <p>Die Ilka-Chemie GmbH \u00fcbernimmt keine Verantwortung f\u00fcr Inhalte von Websites, auf die mittels Hyperlink oder sonstiger Verweise verwiesen wird. Produkte oder Dienstleistungen, die von Drittanbietern angeboten werden, unterliegen den jeweiligen Gesch\u00e4ftsbedingungen dieser Drittanbieter.<\/p>\n\n  <p>Unsere Mitarbeitenden setzen alles daran, den Zugang zur Website zu gew\u00e4hrleisten und kontinuierlich zu verbessern \u2013 auch f\u00fcr Personen, die aufgrund einer Behinderung spezielle Hilfsmittel oder Software nutzen.<\/p>\n\n  <p>Diese Website ist gem\u00e4\u00df den Richtlinien der WCAG 2.1 Stufe AA aufgebaut. Diese Richtlinien sind international anerkannte Standards zur Barrierefreiheit, Nachhaltigkeit, Austauschbarkeit und Auffindbarkeit von Webinhalten.<\/p>\n\n  <p>S\u00e4mtliche geistigen Eigentumsrechte an Inhalten dieser Website liegen entweder bei Drittanbietern, die diese Inhalte bereitgestellt haben, oder bei der Ilka-Chemie GmbH im Rahmen von Endnutzer-Lizenzvereinbarungen.<\/p>\n\n  <p>Das Kopieren, Verbreiten oder jegliche anderweitige Nutzung dieser Inhalte ist ohne vorherige schriftliche Genehmigung durch die Ilka-Chemie GmbH nicht gestattet \u2013 es sei denn, gesetzliche Ausnahmen (z.\u202fB. Zitatrecht) greifen oder es wird explizit anders angegeben.<\/p>\n\n  <p>Wenn Sie Fragen oder Probleme mit der Verf\u00fcgbarkeit der Website haben, z\u00f6gern Sie bitte nicht, uns zu kontaktieren.<\/p>\n<\/section>\n\t\t\t\t\t\t\t\t<\/div>\n\t\t\t\t\t<\/div>\n\t\t<\/div>\n\t\t\t\t\t<\/div>\n\t\t<\/section>\n\t\t\t\t<\/div>\n\t\t","protected":false},"excerpt":{"rendered":"<p>Haftungsausschluss Die Ilka-Chemie GmbH ist verpflichtet, diese Website aktuell und korrekt zu halten. Sollten Sie dennoch auf Informationen sto\u00dfen, die veraltet oder [&hellip;]<\/p>\n","protected":false},"author":1,"featured_media":0,"parent":0,"menu_order":0,"comment_status":"closed","ping_status":"closed","template":"","meta":{"footnotes":""},"class_list":["post-2276","page","type-page","status-publish","hentry"],"_links":{"self":[{"href":"https:\/\/ilka-chemie.com\/antigraffitiwelt\/wp-json\/wp\/v2\/pages\/2276","targetHints":{"allow":["GET"]}}],"collection":[{"href":"https:\/\/ilka-chemie.com\/antigraffitiwelt\/wp-json\/wp\/v2\/pages"}],"about":[{"href":"https:\/\/ilka-chemie.com\/antigraffitiwelt\/wp-json\/wp\/v2\/types\/page"}],"author":[{"embeddable":true,"href":"https:\/\/ilka-chemie.com\/antigraffitiwelt\/wp-json\/wp\/v2\/users\/1"}],"replies":[{"embeddable":true,"href":"https:\/\/ilka-chemie.com\/antigraffitiwelt\/wp-json\/wp\/v2\/comments?post=2276"}],"version-history":[{"count":3,"href":"https:\/\/ilka-chemie.com\/antigraffitiwelt\/wp-json\/wp\/v2\/pages\/2276\/revisions"}],"predecessor-version":[{"id":2360,"href":"https:\/\/ilka-chemie.com\/antigraffitiwelt\/wp-json\/wp\/v2\/pages\/2276\/revisions\/2360"}],"wp:attachment":[{"href":"https:\/\/ilka-chemie.com\/antigraffitiwelt\/wp-json\/wp\/v2\/media?parent=2276"}],"curies":[{"name":"wp","href":"https:\/\/api.w.org\/{rel}","templated":true}]}}